{"id":686,"date":"2021-04-10T08:58:30","date_gmt":"2021-04-10T08:58:30","guid":{"rendered":"https:\/\/bthf.nu\/?post_type=product&#038;p=686"},"modified":"2026-01-13T09:17:14","modified_gmt":"2026-01-13T09:17:14","slug":"arsskrift-2020","status":"publish","type":"product","link":"https:\/\/bthf.nu\/index.php\/product\/arsskrift-2020\/","title":{"rendered":"\u00c5rsskrift 2020"},"content":{"rendered":"<p><strong>Inneh\u00e5ll<\/strong><br \/>\nN\u00e5got om f\u00f6reningens verksamhet<br \/>\nJens Claussen Bille &#8211; Riddaren som skapade Billesholm \u00e5r 1571<br \/>\nMer fakta om byggnaden Billesholmsg\u00e5rd och dess historia<br \/>\nS\u00e5 h\u00e4r firade Billesholm 400 \u00e5rs-jubil\u00e9et 1971 dvs. f\u00f6r femtio \u00e5r sedan<br \/>\nFolkets Park, Billesholm<br \/>\n\u00c4ngag\u00e5rden<br \/>\n\u201dKl\u00e4der ska synas och folk ska f\u00f6rv\u00e5nas\u201d<br \/>\nHemomkring-vandring p\u00e5 S\u00f6der\u00e5sen<br \/>\nMinnen fr\u00e5n \u00e5ren 1952\u201364 under den kommunala tiden<br \/>\n\u00c4ventyrsresor fr\u00e5n hela v\u00e4rlden<br \/>\nN\u00e5gra minnen fr\u00e5n Billesholm<br \/>\nV\u00e4ggklockan p\u00e5 Fogdag\u00e5rden<\/p>\n","protected":false},"excerpt":{"rendered":"<p>Bandtyp: Limbunden<br \/>\nF\u00f6rlag: BTHF<br \/>\nUpplaga: 550<br \/>\nSpr\u00e5k: Svenska<br \/>\nISBN: 978-91-982416-7-9<\/p>\n","protected":false},"featured_media":688,"template":"","meta":[],"product_brand":[],"product_cat":[19],"product_tag":[20],"class_list":{"0":"post-686","1":"product","2":"type-product","3":"status-publish","4":"has-post-thumbnail","6":"product_cat-arsskrifter","7":"product_tag-arsskrifter","9":"first","10":"instock","11":"shipping-taxable","12":"purchasable","13":"product-type-simple","14":"customify-col"},"jetpack_sharing_enabled":true,"_links":{"self":[{"href":"https:\/\/bthf.nu\/index.php\/wp-json\/wp\/v2\/product\/686","targetHints":{"allow":["GET"]}}],"collection":[{"href":"https:\/\/bthf.nu\/index.php\/wp-json\/wp\/v2\/product"}],"about":[{"href":"https:\/\/bthf.nu\/index.php\/wp-json\/wp\/v2\/types\/product"}],"version-history":[{"count":2,"href":"https:\/\/bthf.nu\/index.php\/wp-json\/wp\/v2\/product\/686\/revisions"}],"predecessor-version":[{"id":1690,"href":"https:\/\/bthf.nu\/index.php\/wp-json\/wp\/v2\/product\/686\/revisions\/1690"}],"wp:featuredmedia":[{"embeddable":true,"href":"https:\/\/bthf.nu\/index.php\/wp-json\/wp\/v2\/media\/688"}],"wp:attachment":[{"href":"https:\/\/bthf.nu\/index.php\/wp-json\/wp\/v2\/media?parent=686"}],"wp:term":[{"taxonomy":"product_brand","embeddable":true,"href":"https:\/\/bthf.nu\/index.php\/wp-json\/wp\/v2\/product_brand?post=686"},{"taxonomy":"product_cat","embeddable":true,"href":"https:\/\/bthf.nu\/index.php\/wp-json\/wp\/v2\/product_cat?post=686"},{"taxonomy":"product_tag","embeddable":true,"href":"https:\/\/bthf.nu\/index.php\/wp-json\/wp\/v2\/product_tag?post=686"}],"curies":[{"name":"wp","href":"https:\/\/api.w.org\/{rel}","templated":true}]}}