{"id":383,"date":"2020-05-03T15:18:54","date_gmt":"2020-05-03T15:18:54","guid":{"rendered":"https:\/\/bthf.nu\/?post_type=product&#038;p=383"},"modified":"2021-02-20T18:53:53","modified_gmt":"2021-02-20T18:53:53","slug":"eo3","status":"publish","type":"product","link":"https:\/\/bthf.nu\/index.php\/product\/eo3\/","title":{"rendered":"Bilder och ber\u00e4ttelser fr\u00e5n nordv\u00e4stra Sk\u00e5ne Del 2"},"content":{"rendered":"<p><strong>Inneh\u00e5ll<\/strong><br \/>\nM\u00f6lle &#8211; H\u00f6gan\u00e4s:<br \/>\nEn midsommarfest vid kullen 1883<br \/>\nMinnesfest i H\u00f6gan\u00e4s vid avt\u00e4ckning av Erik Ruuth-statyn 1861<br \/>\n&#8221;V\u00e4gar nere i gruvan&#8221;, transporten under jord i en H\u00f6gan\u00e4sgruva<br \/>\nHelsingborg:<br \/>\nAtt resa p\u00e5 1800-talet och tidigare \u00e5rhundraden var ett \u00e4ventyr<br \/>\nHelsingborg &#8211; Hessleholms-j\u00e4rnv\u00e4gens tillkomst 1875<br \/>\nNyv\u00e5ng:<br \/>\nD\u00e4r de sk\u00e5nska kolen bringas i dagen, reportage fr\u00e5n Nyv\u00e5ng 1926<br \/>\nS\u00f6dra Luggude h\u00e4rad:<br \/>\nHantverksf\u00f6reningens i S\u00f6dra Luggude 30-\u00e5rsjubileum 1962<br \/>\nBjuv:<br \/>\nCarl Georg Nilsson &#8211; gruvarbetare fr\u00e5n Bjuv som reste till Sovjet<br \/>\n\u00c5terigen en som tr\u00f6ttnat p\u00e5 Ryssland &#8211; Carl Nilsson ber\u00e4ttar<br \/>\nViola Johansson, Bjuv, 86 \u00e5r, ber\u00e4ttar om sin barn- och ungdomstid<br \/>\nAlla k\u00e4nde Amos, som var jordbrukskonsulent p\u00e5 Findus<br \/>\nS\u00f6dra Luggude h\u00e4rad:<br \/>\nOrd och tales\u00e4tt p\u00e5 S.Luggudem\u00e5l, upptecknade av Svante Nilsson<br \/>\nBillesholm &#8211; Risekatsl\u00f6sa:<br \/>\nFick uppleva fyra kungar, Carolina Strandberg, 90 \u00e5rs-intervju<br \/>\nEn lanthandel vi minns, om S\u00f6dra Vrams lantmannaaff\u00e4r<br \/>\nBillesholms biograf, maskinisten Gunnar Andresson, 90, ber\u00e4ttar<br \/>\nFr\u00e5n mormors tid, Josef Nilsson ber\u00e4ttar om Anna Truedsdotter<br \/>\nF\u00e4llebergakadriljen, en dans med anor &#8211; av Josef Nilsson<br \/>\nRisekatsl\u00f6sa kyrka &#8211; ber\u00e4ttelse av Theodor Ancarcrona 1936<br \/>\nEkeby &#8211; Skromberga:<br \/>\nGedsholm &#8211; En herrg\u00e5rd med r\u00f6tter bland vikingatidens s\u00e4gner<br \/>\n&#8221;Vi skulle s\u00e5klart vara artiga&#8221; &#8211; Valborg Wendt i Ekeby ber\u00e4ttade<br \/>\nH\u00e4r kommer Skrombergag\u00e4nget, Wivie Green om teateramat\u00f6rer<br \/>\nBr\u00f6d\u00e5kra:<br \/>\nHolger Danske &#8211; en ber\u00e4ttelse fr\u00e5n snapphanetiden av Sven Lilj<\/p>\n","protected":false},"excerpt":{"rendered":"<p>av Ernst Olsson<\/p>\n<p>Bandtyp: Inbunden<br \/>\nF\u00f6rlag: Ernst Olsson<br \/>\nUpplaga:<br \/>\nSpr\u00e5k: Svenska<br \/>\nISBN:<\/p>\n","protected":false},"featured_media":364,"template":"","meta":[],"product_brand":[],"product_cat":[17],"product_tag":[24],"class_list":{"0":"post-383","1":"product","2":"type-product","3":"status-publish","4":"has-post-thumbnail","6":"product_cat-hembygdsbocker","7":"product_tag-hembygdsbok","9":"first","10":"instock","11":"shipping-taxable","12":"purchasable","13":"product-type-simple","14":"customify-col"},"jetpack_sharing_enabled":true,"_links":{"self":[{"href":"https:\/\/bthf.nu\/index.php\/wp-json\/wp\/v2\/product\/383","targetHints":{"allow":["GET"]}}],"collection":[{"href":"https:\/\/bthf.nu\/index.php\/wp-json\/wp\/v2\/product"}],"about":[{"href":"https:\/\/bthf.nu\/index.php\/wp-json\/wp\/v2\/types\/product"}],"version-history":[{"count":2,"href":"https:\/\/bthf.nu\/index.php\/wp-json\/wp\/v2\/product\/383\/revisions"}],"predecessor-version":[{"id":408,"href":"https:\/\/bthf.nu\/index.php\/wp-json\/wp\/v2\/product\/383\/revisions\/408"}],"wp:featuredmedia":[{"embeddable":true,"href":"https:\/\/bthf.nu\/index.php\/wp-json\/wp\/v2\/media\/364"}],"wp:attachment":[{"href":"https:\/\/bthf.nu\/index.php\/wp-json\/wp\/v2\/media?parent=383"}],"wp:term":[{"taxonomy":"product_brand","embeddable":true,"href":"https:\/\/bthf.nu\/index.php\/wp-json\/wp\/v2\/product_brand?post=383"},{"taxonomy":"product_cat","embeddable":true,"href":"https:\/\/bthf.nu\/index.php\/wp-json\/wp\/v2\/product_cat?post=383"},{"taxonomy":"product_tag","embeddable":true,"href":"https:\/\/bthf.nu\/index.php\/wp-json\/wp\/v2\/product_tag?post=383"}],"curies":[{"name":"wp","href":"https:\/\/api.w.org\/{rel}","templated":true}]}}