{"id":315,"date":"2020-05-03T09:22:16","date_gmt":"2020-05-03T09:22:16","guid":{"rendered":"https:\/\/bthf.nu\/?post_type=product&#038;p=315"},"modified":"2026-01-13T09:30:03","modified_gmt":"2026-01-13T09:30:03","slug":"arsskrift-2012","status":"publish","type":"product","link":"https:\/\/bthf.nu\/index.php\/product\/arsskrift-2012\/","title":{"rendered":"\u00c5rsskrift 2012"},"content":{"rendered":"<p><strong>Inneh\u00e5ll<\/strong><br \/>\nTill minne av Viola Lundstr\u00f6m, <em>Hans Wilson o. Anna Magnusson<\/em><br \/>\nTill minne av Arthur Sarman, <em>Ing-Britt Pettersson Nyholm o. Bertil P\u00e5lsson<\/em><br \/>\nTitanic och dess underg\u00e5ng 100 \u00e5r, <em>Hans Wilson<\/em><br \/>\nMalte Johansson, <em>Gunnar Sj\u00f6berg o. Hans Alsholm<\/em><br \/>\nBagaren i byn, <em>Kristel Viberg<\/em><br \/>\nBjuvs Kolonif\u00f6rening 100 \u00e5r gammal, <em>Olle Lundgren<\/em><br \/>\nMopeden 60\u00e5r, <em>Staffan Nilsson<\/em><br \/>\nS\u00f6dra Vrams skolor, <em>Hans Alsholm<\/em><br \/>\nAff\u00e4rerna i Gunnarstorp, <em>Leif Th\u00f6rnqvist<\/em><br \/>\nLennart Sj\u00f6berg, <em>Olle Lundgren o. Greta Persson<\/em><br \/>\nSkyltar p\u00e5 plats i Skromberga, <em>Anna Rabow o. Helene Stalin \u00c5kesson<\/em><br \/>\nResan till F\u00e4r\u00f6arna, <em>Kristel Viberg<\/em><br \/>\nKulturskatt i Olstorp, <em>Marianne R\u00f6nnberg Galmor<\/em><br \/>\nPr\u00e4stg\u00e5rden v\u00e4rms nu med jordv\u00e4rme, <em>Hans Alsholm<\/em><br \/>\nSune Hermansson, <em>Annica Hermansson<\/em><br \/>\nIdrottsf\u00f6reningen 90 \u00e5r, <em>Kristel Viberg<\/em><br \/>\nMina lekplatser p\u00e5 1940- och 50-talet,<em> Leif Th\u00f6rnqvist<\/em><br \/>\nBjuv en arkitektonisk p\u00e4rla, <em>Marianne R\u00f6nnberg Galmor<\/em><\/p>\n","protected":false},"excerpt":{"rendered":"<p>Bandtyp: H\u00e4ftad<br \/>\nF\u00f6rlag: BTHF<br \/>\nUpplaga: 700<br \/>\nSpr\u00e5k: Svenska<br \/>\nISBN: 978-91-637-0291-4<\/p>\n","protected":false},"featured_media":316,"template":"","meta":[],"product_brand":[],"product_cat":[19],"product_tag":[20],"class_list":{"0":"post-315","1":"product","2":"type-product","3":"status-publish","4":"has-post-thumbnail","6":"product_cat-arsskrifter","7":"product_tag-arsskrifter","9":"first","10":"instock","11":"shipping-taxable","12":"purchasable","13":"product-type-simple","14":"customify-col"},"jetpack_sharing_enabled":true,"_links":{"self":[{"href":"https:\/\/bthf.nu\/index.php\/wp-json\/wp\/v2\/product\/315","targetHints":{"allow":["GET"]}}],"collection":[{"href":"https:\/\/bthf.nu\/index.php\/wp-json\/wp\/v2\/product"}],"about":[{"href":"https:\/\/bthf.nu\/index.php\/wp-json\/wp\/v2\/types\/product"}],"version-history":[{"count":3,"href":"https:\/\/bthf.nu\/index.php\/wp-json\/wp\/v2\/product\/315\/revisions"}],"predecessor-version":[{"id":319,"href":"https:\/\/bthf.nu\/index.php\/wp-json\/wp\/v2\/product\/315\/revisions\/319"}],"wp:featuredmedia":[{"embeddable":true,"href":"https:\/\/bthf.nu\/index.php\/wp-json\/wp\/v2\/media\/316"}],"wp:attachment":[{"href":"https:\/\/bthf.nu\/index.php\/wp-json\/wp\/v2\/media?parent=315"}],"wp:term":[{"taxonomy":"product_brand","embeddable":true,"href":"https:\/\/bthf.nu\/index.php\/wp-json\/wp\/v2\/product_brand?post=315"},{"taxonomy":"product_cat","embeddable":true,"href":"https:\/\/bthf.nu\/index.php\/wp-json\/wp\/v2\/product_cat?post=315"},{"taxonomy":"product_tag","embeddable":true,"href":"https:\/\/bthf.nu\/index.php\/wp-json\/wp\/v2\/product_tag?post=315"}],"curies":[{"name":"wp","href":"https:\/\/api.w.org\/{rel}","templated":true}]}}