{"id":294,"date":"2020-05-03T08:34:11","date_gmt":"2020-05-03T08:34:11","guid":{"rendered":"https:\/\/bthf.nu\/?post_type=product&#038;p=294"},"modified":"2026-01-13T09:20:07","modified_gmt":"2026-01-13T09:20:07","slug":"arsskrift-2005","status":"publish","type":"product","link":"https:\/\/bthf.nu\/index.php\/product\/arsskrift-2005\/","title":{"rendered":"\u00c5rsskrift 2005"},"content":{"rendered":"<p><strong>Inneh\u00e5ll<\/strong><br \/>\nL\u00e4karlegenden Yngve Jernmark, Hasse \u201dHP\u201d Persson<br \/>\nSjuksk\u00f6terskor under dr Jernmarks tid, Laila K\u00f6hler<br \/>\nK\u00e4raste min Johanna, Lef och blomstra, Sonja Georgson<br \/>\nMin tid med Billesholmsbrottarklubb, Allan Andersson<br \/>\nFotoatelj\u00e9n hos Tord Olsson, Ernst Olsson<br \/>\nTegn\u00e9rf\u00f6nster i N.Vrams pr\u00e4stg\u00e5rd, Ernst Olsson<br \/>\nRyssen kommer, ryssen kommer, Birgitta Alexanderson<br \/>\nPer Larsens margelgrav, Dan Magnusson<br \/>\nF\u00f6rman Strop, Nils Nilsson<br \/>\nHall\u00e5 i luren, Ernst Olsson<br \/>\nTittaskaved, Dan Magnusson<br \/>\nMinnen fr\u00e5n Gruvspelet 1990 &#8211; 1991, Maj-Britt J\u00f6nsson<br \/>\nEn levnadsvandring p\u00e5 103 \u00e5r, Lars Hult\u00e9n<\/p>\n","protected":false},"excerpt":{"rendered":"<p>Bandtyp: H\u00e4ftad<br \/>\nF\u00f6rlag: BTHF<br \/>\nUpplaga: 850<br \/>\nSpr\u00e5k: Svenska<br \/>\nISBN:<\/p>\n","protected":false},"featured_media":295,"template":"","meta":[],"product_brand":[],"product_cat":[19],"product_tag":[20],"class_list":{"0":"post-294","1":"product","2":"type-product","3":"status-publish","4":"has-post-thumbnail","6":"product_cat-arsskrifter","7":"product_tag-arsskrifter","9":"first","10":"instock","11":"shipping-taxable","12":"purchasable","13":"product-type-simple","14":"customify-col"},"jetpack_sharing_enabled":true,"_links":{"self":[{"href":"https:\/\/bthf.nu\/index.php\/wp-json\/wp\/v2\/product\/294","targetHints":{"allow":["GET"]}}],"collection":[{"href":"https:\/\/bthf.nu\/index.php\/wp-json\/wp\/v2\/product"}],"about":[{"href":"https:\/\/bthf.nu\/index.php\/wp-json\/wp\/v2\/types\/product"}],"version-history":[{"count":1,"href":"https:\/\/bthf.nu\/index.php\/wp-json\/wp\/v2\/product\/294\/revisions"}],"predecessor-version":[{"id":296,"href":"https:\/\/bthf.nu\/index.php\/wp-json\/wp\/v2\/product\/294\/revisions\/296"}],"wp:featuredmedia":[{"embeddable":true,"href":"https:\/\/bthf.nu\/index.php\/wp-json\/wp\/v2\/media\/295"}],"wp:attachment":[{"href":"https:\/\/bthf.nu\/index.php\/wp-json\/wp\/v2\/media?parent=294"}],"wp:term":[{"taxonomy":"product_brand","embeddable":true,"href":"https:\/\/bthf.nu\/index.php\/wp-json\/wp\/v2\/product_brand?post=294"},{"taxonomy":"product_cat","embeddable":true,"href":"https:\/\/bthf.nu\/index.php\/wp-json\/wp\/v2\/product_cat?post=294"},{"taxonomy":"product_tag","embeddable":true,"href":"https:\/\/bthf.nu\/index.php\/wp-json\/wp\/v2\/product_tag?post=294"}],"curies":[{"name":"wp","href":"https:\/\/api.w.org\/{rel}","templated":true}]}}