{"id":60,"date":"2019-11-12T15:15:37","date_gmt":"2019-11-12T15:15:37","guid":{"rendered":"https:\/\/bthf.nu\/?page_id=60"},"modified":"2020-08-13T10:34:48","modified_gmt":"2020-08-13T10:34:48","slug":"prastgarden","status":"publish","type":"page","link":"https:\/\/bthf.nu\/index.php\/prastgarden\/","title":{"rendered":"Pr\u00e4stg\u00e5rden"},"content":{"rendered":"\t\t<div data-elementor-type=\"wp-page\" data-elementor-id=\"60\" class=\"elementor elementor-60\" data-elementor-post-type=\"page\">\n\t\t\t\t\t\t<section class=\"elementor-section elementor-top-section elementor-element elementor-element-7ddd6ea elementor-section-boxed elementor-section-height-default elementor-section-height-default\" data-id=\"7ddd6ea\" data-element_type=\"section\" data-e-type=\"section\">\n\t\t\t\t\t\t<div class=\"elementor-container elementor-column-gap-default\">\n\t\t\t\t\t<div class=\"elementor-column elementor-col-100 elementor-top-column elementor-element elementor-element-1c31ac2\" data-id=\"1c31ac2\" data-element_type=\"column\" data-e-type=\"column\">\n\t\t\t<div class=\"elementor-widget-wrap elementor-element-populated\">\n\t\t\t\t\t\t<div class=\"elementor-element elementor-element-d97b7d7 elementor-widget elementor-widget-image\" data-id=\"d97b7d7\" data-element_type=\"widget\" data-e-type=\"widget\" data-widget_type=\"image.default\">\n\t\t\t\t<div class=\"elementor-widget-container\">\n\t\t\t\t\t\t\t\t\t\t\t\t\t\t\t<img decoding=\"async\" src=\"https:\/\/i0.wp.com\/bthf.nu\/wp-content\/uploads\/2019\/11\/pb.webp?fit=500%2C157&#038;ssl=1\" title=\"pb\" alt=\"pb\" loading=\"lazy\" \/>\t\t\t\t\t\t\t\t\t\t\t\t\t\t\t<\/div>\n\t\t\t\t<\/div>\n\t\t\t\t<div class=\"elementor-element elementor-element-2fcdcdf elementor-widget elementor-widget-text-editor\" data-id=\"2fcdcdf\" data-element_type=\"widget\" data-e-type=\"widget\" data-widget_type=\"text-editor.default\">\n\t\t\t\t<div class=\"elementor-widget-container\">\n\t\t\t\t\t\t\t\t\t<p><strong>V\u00c4LKOMNA TILL NORRA VRAMS PR\u00c4STG\u00c5RD<\/strong><\/p><p>Norra Vrams Pr\u00e4stg\u00e5rd utg\u00f6r den bevarade boningsl\u00e4ngan i en tidigare delvis kringbyggd g\u00e5rd. Pr\u00e4stg\u00e5rdens historia g\u00e5r tillbaka till \u00e5r 1816, d\u00e5 socknens &#8221;n\u00e4st finaste hus&#8221; byggdes med hj\u00e4lp av slottsherren p\u00e5 Vrams Gunnarstorp.<br \/>\u00c5r 1816 var Lars Andreas Palm kyrkoherde. Hans portr\u00e4tt kan vi se i det gamla g\u00e4strummet, som finns p\u00e5 nedre botten. L A Palm var ocks\u00e5 med i Helsing\u00f6r, n\u00e4r den blivande kronprinsen, senare kungen, Carl XIV Johan avsvor sig sin katolska tro, f\u00f6r att sedan som protestant kunna stiga i land i Helsingborg.<br \/>\u00c5r 1901 kom Claes Caroli som kyrkoherde till Norra Vram, f\u00f6r att sedan eftr\u00e4das av sonen Gunnar, som pensionerades 1964.<br \/>Sedan \u00e5r 1982 har hembygdsf\u00f6reningen hyrt hela pr\u00e4stg\u00e5rden fram till 1993 d\u00e5 pr\u00e4stg\u00e5rden kunde frik\u00f6pas, delvis tack vare v\u00e4lvilliga bidragsgivare samt v\u00e4lvilja fr\u00e5n Bjuvs kyrkliga samf\u00e4llighet.<br \/>Norra Vrams pr\u00e4stg\u00e5rd med sin bakomliggande naturtomt har ett mycket stort v\u00e4rde f\u00f6r milj\u00f6n vid Norra Vrams medeltidskyrka. Pr\u00e4stg\u00e5rden har en en delvis bevarad interi\u00f6r. M\u00e5nga inventarier \u00e4r fr\u00e5n 1800-talets senare h\u00e4lft och sekelskiftet.<br \/>Den mest bem\u00e4rkte pr\u00e4sten, som bott h\u00e4r \u00e4r dock Gustaf Henrik Mellin.<\/p>\t\t\t\t\t\t\t\t<\/div>\n\t\t\t\t<\/div>\n\t\t\t\t<section class=\"elementor-section elementor-inner-section elementor-element elementor-element-6bac8cb elementor-section-boxed elementor-section-height-default elementor-section-height-default\" data-id=\"6bac8cb\" data-element_type=\"section\" data-e-type=\"section\">\n\t\t\t\t\t\t<div class=\"elementor-container elementor-column-gap-no\">\n\t\t\t\t\t<div class=\"elementor-column elementor-col-50 elementor-inner-column elementor-element elementor-element-f0abf76\" data-id=\"f0abf76\" data-element_type=\"column\" data-e-type=\"column\">\n\t\t\t<div class=\"elementor-widget-wrap elementor-element-populated\">\n\t\t\t\t\t\t<div class=\"elementor-element elementor-element-b3a348f elementor-widget elementor-widget-image\" data-id=\"b3a348f\" data-element_type=\"widget\" data-e-type=\"widget\" data-widget_type=\"image.default\">\n\t\t\t\t<div class=\"elementor-widget-container\">\n\t\t\t\t\t\t\t\t\t\t\t\t\t\t\t<img decoding=\"async\" width=\"141\" height=\"141\" src=\"https:\/\/i0.wp.com\/bthf.nu\/wp-content\/uploads\/2019\/11\/Melin.webp?fit=141%2C141&amp;ssl=1\" class=\"attachment-large size-large wp-image-62\" alt=\"\" \/>\t\t\t\t\t\t\t\t\t\t\t\t\t\t\t<\/div>\n\t\t\t\t<\/div>\n\t\t\t\t\t<\/div>\n\t\t<\/div>\n\t\t\t\t<div class=\"elementor-column elementor-col-50 elementor-inner-column elementor-element elementor-element-3d34134\" data-id=\"3d34134\" data-element_type=\"column\" data-e-type=\"column\">\n\t\t\t<div class=\"elementor-widget-wrap elementor-element-populated\">\n\t\t\t\t\t\t<div class=\"elementor-element elementor-element-90afa7a elementor-widget elementor-widget-text-editor\" data-id=\"90afa7a\" data-element_type=\"widget\" data-e-type=\"widget\" data-widget_type=\"text-editor.default\">\n\t\t\t\t<div class=\"elementor-widget-container\">\n\t\t\t\t\t\t\t\t\t<p>Pojken, som g\u00f6mde sig i &#8221;bakugnen, d\u00e5 ryssen h\u00e4rjade i Finland 1809, blev v\u00e4lbest\u00e4lld pr\u00e4st i Norra Vram. F\u00f6r hundra \u00e5r sedan l\u00e4stes allm\u00e4nt hans historiska romaner, d\u00e4r barndomens rysshat, \u00e4r en framtr\u00e4dande ingrediens. Det handlar naturligtvis om f\u00f6rfattaren Gustav Henrik Mellin, f\u00f6dd 1803 i Revolaks i Finland. 1810 fick hans familj fly \u00f6ver till Sverige och V\u00e4sterg\u00f6tland. 1815 dog hans far och ett \u00e5r senare hans mor. G H Mellin v\u00e4xte sedan upp hos psalmdiktaren FM Franz\u00e9n, som sedan l\u00e4t honom studera till pr\u00e4st. Han pr\u00e4stvigdes 1829 och blev pastorsadjunkt i Stockholm, d\u00e4r han nu ocks\u00e5 b\u00f6rjade skriv b\u00f6cker och umgicks flitigt med d\u00e5tidens litter\u00e4ra k\u00e4ndisar Fredrika Bremer, C J L Almqvist m fl.<\/p>\t\t\t\t\t\t\t\t<\/div>\n\t\t\t\t<\/div>\n\t\t\t\t\t<\/div>\n\t\t<\/div>\n\t\t\t\t\t<\/div>\n\t\t<\/section>\n\t\t\t\t<div class=\"elementor-element elementor-element-ce56515 elementor-widget elementor-widget-text-editor\" data-id=\"ce56515\" data-element_type=\"widget\" data-e-type=\"widget\" data-widget_type=\"text-editor.default\">\n\t\t\t\t<div class=\"elementor-widget-container\">\n\t\t\t\t\t\t\t\t\t<p>Blomman p\u00e5 Kinnekulle, Flickorna i Askersund heter n\u00e5gra av de noveller som l\u00e4sarna f\u00f6r hundra \u00e5r sedan ryste och gr\u00e4t \u00f6ver. I Sveriges sista strid frammanar han en kuslig framtidsbild av Sveriges kamp mot Ryssland. 1852 tilltr\u00e4dde han sin tj\u00e4nst som kyrkoherde i Norra Vram. P\u00e5 sin nya post tog han sig ofta an allmogens sak.<\/p><p>G H Mellin dog 1876<\/p>\t\t\t\t\t\t\t\t<\/div>\n\t\t\t\t<\/div>\n\t\t\t\t<div class=\"elementor-element elementor-element-b4c5fb1 elementor-widget elementor-widget-image\" data-id=\"b4c5fb1\" data-element_type=\"widget\" data-e-type=\"widget\" data-widget_type=\"image.default\">\n\t\t\t\t<div class=\"elementor-widget-container\">\n\t\t\t\t\t\t\t\t\t\t\t\t\t\t\t<img data-recalc-dims=\"1\" decoding=\"async\" src=\"https:\/\/i0.wp.com\/bthf.nu\/wp-content\/uploads\/elementor\/thumbs\/pb3-r24a2smua1ia6lz0nyffgx7w4mcnd1m4ncigf1f0x0.webp?w=843&#038;ssl=1\" title=\"pb3\" alt=\"pb3\" loading=\"lazy\" \/>\t\t\t\t\t\t\t\t\t\t\t\t\t\t\t<\/div>\n\t\t\t\t<\/div>\n\t\t\t\t\t<\/div>\n\t\t<\/div>\n\t\t\t\t\t<\/div>\n\t\t<\/section>\n\t\t\t\t<\/div>\n\t\t","protected":false},"excerpt":{"rendered":"<p>V\u00c4LKOMNA TILL NORRA VRAMS PR\u00c4STG\u00c5RD Norra Vrams Pr\u00e4stg\u00e5rd utg\u00f6r den bevarade boningsl\u00e4ngan i en tidigare delvis kringbyggd g\u00e5rd. Pr\u00e4stg\u00e5rdens historia g\u00e5r tillbaka till \u00e5r 1816,&hellip;<\/p>\n","protected":false},"author":1,"featured_media":0,"parent":0,"menu_order":0,"comment_status":"closed","ping_status":"closed","template":"","meta":{"footnotes":""},"class_list":["post-60","page","type-page","status-publish","hentry"],"jetpack_sharing_enabled":true,"_links":{"self":[{"href":"https:\/\/bthf.nu\/index.php\/wp-json\/wp\/v2\/pages\/60","targetHints":{"allow":["GET"]}}],"collection":[{"href":"https:\/\/bthf.nu\/index.php\/wp-json\/wp\/v2\/pages"}],"about":[{"href":"https:\/\/bthf.nu\/index.php\/wp-json\/wp\/v2\/types\/page"}],"author":[{"embeddable":true,"href":"https:\/\/bthf.nu\/index.php\/wp-json\/wp\/v2\/users\/1"}],"replies":[{"embeddable":true,"href":"https:\/\/bthf.nu\/index.php\/wp-json\/wp\/v2\/comments?post=60"}],"version-history":[{"count":6,"href":"https:\/\/bthf.nu\/index.php\/wp-json\/wp\/v2\/pages\/60\/revisions"}],"predecessor-version":[{"id":603,"href":"https:\/\/bthf.nu\/index.php\/wp-json\/wp\/v2\/pages\/60\/revisions\/603"}],"wp:attachment":[{"href":"https:\/\/bthf.nu\/index.php\/wp-json\/wp\/v2\/media?parent=60"}],"curies":[{"name":"wp","href":"https:\/\/api.w.org\/{rel}","templated":true}]}}

Prästgården

<div data-elementor-type="wp-page" data-elementor-id="60" class="elementor elementor-60" data-elementor-post-type="page">
						<section class="elementor-section elementor-top-section elementor-element elementor-element-7ddd6ea elementor-section-boxed elementor-section-height-default elementor-section-height-default" data-id="7ddd6ea" data-element_type="section" data-e-type="section">
						<div class="elementor-container elementor-column-gap-default">
					<div class="elementor-column elementor-col-100 elementor-top-column elementor-element elementor-element-1c31ac2" data-id="1c31ac2" data-element_type="column" data-e-type="column">
			<div class="elementor-widget-wrap elementor-element-populated">
						<div class="elementor-element elementor-element-d97b7d7 elementor-widget elementor-widget-image" data-id="d97b7d7" data-element_type="widget" data-e-type="widget" data-widget_type="image.default">
				<div class="elementor-widget-container">
															<img decoding="async" src="https://i0.wp.com/bthf.nu/wp-content/uploads/2019/11/pb.webp?fit=500%2C157&#038;ssl=1" title="pb" alt="pb" loading="lazy" />															</div>
				</div>
				<div class="elementor-element elementor-element-2fcdcdf elementor-widget elementor-widget-text-editor" data-id="2fcdcdf" data-element_type="widget" data-e-type="widget" data-widget_type="text-editor.default">
				<div class="elementor-widget-container">
									<p><strong>VÄLKOMNA TILL NORRA VRAMS PRÄSTGÅRD</strong></p><p>Norra Vrams Prästgård utgör den bevarade boningslängan i en tidigare delvis kringbyggd gård. Prästgårdens historia går tillbaka till år 1816, då socknens &#8221;näst finaste hus&#8221; byggdes med hjälp av slottsherren på Vrams Gunnarstorp.<br />År 1816 var Lars Andreas Palm kyrkoherde. Hans porträtt kan vi se i det gamla gästrummet, som finns på nedre botten. L A Palm var också med i Helsingör, när den blivande kronprinsen, senare kungen, Carl XIV Johan avsvor sig sin katolska tro, för att sedan som protestant kunna stiga i land i Helsingborg.<br />År 1901 kom Claes Caroli som kyrkoherde till Norra Vram, för att sedan efträdas av sonen Gunnar, som pensionerades 1964.<br />Sedan år 1982 har hembygdsföreningen hyrt hela prästgården fram till 1993 då prästgården kunde friköpas, delvis tack vare välvilliga bidragsgivare samt välvilja från Bjuvs kyrkliga samfällighet.<br />Norra Vrams prästgård med sin bakomliggande naturtomt har ett mycket stort värde för miljön vid Norra Vrams medeltidskyrka. Prästgården har en en delvis bevarad interiör. Många inventarier är från 1800-talets senare hälft och sekelskiftet.<br />Den mest bemärkte prästen, som bott här är dock Gustaf Henrik Mellin.</p>								</div>
				</div>
				<section class="elementor-section elementor-inner-section elementor-element elementor-element-6bac8cb elementor-section-boxed elementor-section-height-default elementor-section-height-default" data-id="6bac8cb" data-element_type="section" data-e-type="section">
						<div class="elementor-container elementor-column-gap-no">
					<div class="elementor-column elementor-col-50 elementor-inner-column elementor-element elementor-element-f0abf76" data-id="f0abf76" data-element_type="column" data-e-type="column">
			<div class="elementor-widget-wrap elementor-element-populated">
						<div class="elementor-element elementor-element-b3a348f elementor-widget elementor-widget-image" data-id="b3a348f" data-element_type="widget" data-e-type="widget" data-widget_type="image.default">
				<div class="elementor-widget-container">
															<img decoding="async" width="141" height="141" src="https://i0.wp.com/bthf.nu/wp-content/uploads/2019/11/Melin.webp?fit=141%2C141&amp;ssl=1" class="attachment-large size-large wp-image-62" alt="" />															</div>
				</div>
					</div>
		</div>
				<div class="elementor-column elementor-col-50 elementor-inner-column elementor-element elementor-element-3d34134" data-id="3d34134" data-element_type="column" data-e-type="column">
			<div class="elementor-widget-wrap elementor-element-populated">
						<div class="elementor-element elementor-element-90afa7a elementor-widget elementor-widget-text-editor" data-id="90afa7a" data-element_type="widget" data-e-type="widget" data-widget_type="text-editor.default">
				<div class="elementor-widget-container">
									<p>Pojken, som gömde sig i &#8221;bakugnen, då ryssen härjade i Finland 1809, blev välbeställd präst i Norra Vram. För hundra år sedan lästes allmänt hans historiska romaner, där barndomens rysshat, är en framträdande ingrediens. Det handlar naturligtvis om författaren Gustav Henrik Mellin, född 1803 i Revolaks i Finland. 1810 fick hans familj fly över till Sverige och Västergötland. 1815 dog hans far och ett år senare hans mor. G H Mellin växte sedan upp hos psalmdiktaren FM Franzén, som sedan lät honom studera till präst. Han prästvigdes 1829 och blev pastorsadjunkt i Stockholm, där han nu också började skriv böcker och umgicks flitigt med dåtidens litterära kändisar Fredrika Bremer, C J L Almqvist m fl.</p>								</div>
				</div>
					</div>
		</div>
					</div>
		</section>
				<div class="elementor-element elementor-element-ce56515 elementor-widget elementor-widget-text-editor" data-id="ce56515" data-element_type="widget" data-e-type="widget" data-widget_type="text-editor.default">
				<div class="elementor-widget-container">
									<p>Blomman på Kinnekulle, Flickorna i Askersund heter några av de noveller som läsarna för hundra år sedan ryste och grät över. I Sveriges sista strid frammanar han en kuslig framtidsbild av Sveriges kamp mot Ryssland. 1852 tillträdde han sin tjänst som kyrkoherde i Norra Vram. På sin nya post tog han sig ofta an allmogens sak.</p><p>G H Mellin dog 1876</p>								</div>
				</div>
				<div class="elementor-element elementor-element-b4c5fb1 elementor-widget elementor-widget-image" data-id="b4c5fb1" data-element_type="widget" data-e-type="widget" data-widget_type="image.default">
				<div class="elementor-widget-container">
															<img data-recalc-dims="1" decoding="async" src="https://i0.wp.com/bthf.nu/wp-content/uploads/elementor/thumbs/pb3-r24a2smua1ia6lz0nyffgx7w4mcnd1m4ncigf1f0x0.webp?w=843&#038;ssl=1" title="pb3" alt="pb3" loading="lazy" />															</div>
				</div>
					</div>
		</div>
					</div>
		</section>
				</div>

<p>VÄLKOMNA TILL NORRA VRAMS PRÄSTGÅRD Norra Vrams Prästgård utgör den bevarade boningslängan i en tidigare delvis kringbyggd gård. Prästgårdens historia går tillbaka till år 1816,&hellip;</p>
