{"id":10,"date":"2019-11-08T15:40:28","date_gmt":"2019-11-08T15:40:28","guid":{"rendered":"https:\/\/bthf.nu\/?page_id=10"},"modified":"2026-03-09T09:21:33","modified_gmt":"2026-03-09T09:21:33","slug":"hem","status":"publish","type":"page","link":"https:\/\/bthf.nu\/","title":{"rendered":"Hem"},"content":{"rendered":"\t\t<div data-elementor-type=\"wp-page\" data-elementor-id=\"10\" class=\"elementor elementor-10\" data-elementor-post-type=\"page\">\n\t\t\t\t\t\t<section class=\"elementor-section elementor-top-section elementor-element elementor-element-31dfa35 elementor-section-boxed elementor-section-height-default elementor-section-height-default\" data-id=\"31dfa35\" data-element_type=\"section\" data-e-type=\"section\">\n\t\t\t\t\t\t<div class=\"elementor-container elementor-column-gap-default\">\n\t\t\t\t\t<div class=\"elementor-column elementor-col-100 elementor-top-column elementor-element elementor-element-fed7b4c\" data-id=\"fed7b4c\" data-element_type=\"column\" data-e-type=\"column\">\n\t\t\t<div class=\"elementor-widget-wrap elementor-element-populated\">\n\t\t\t\t\t\t<div class=\"elementor-element elementor-element-c78a126 elementor-widget elementor-widget-image\" data-id=\"c78a126\" data-element_type=\"widget\" data-e-type=\"widget\" data-widget_type=\"image.default\">\n\t\t\t\t<div class=\"elementor-widget-container\">\n\t\t\t\t\t\t\t\t\t\t\t\t\t\t\t<img fetchpriority=\"high\" decoding=\"async\" width=\"1100\" height=\"480\" src=\"https:\/\/i0.wp.com\/bthf.nu\/wp-content\/uploads\/2026\/03\/Snodrop.jpg?fit=1100%2C480&amp;ssl=1\" class=\"attachment-full size-full wp-image-1953\" alt=\"\" srcset=\"https:\/\/i0.wp.com\/bthf.nu\/wp-content\/uploads\/2026\/03\/Snodrop.jpg?w=1100&amp;ssl=1 1100w, https:\/\/i0.wp.com\/bthf.nu\/wp-content\/uploads\/2026\/03\/Snodrop.jpg?resize=300%2C131&amp;ssl=1 300w, https:\/\/i0.wp.com\/bthf.nu\/wp-content\/uploads\/2026\/03\/Snodrop.jpg?resize=1000%2C436&amp;ssl=1 1000w, https:\/\/i0.wp.com\/bthf.nu\/wp-content\/uploads\/2026\/03\/Snodrop.jpg?resize=768%2C335&amp;ssl=1 768w, https:\/\/i0.wp.com\/bthf.nu\/wp-content\/uploads\/2026\/03\/Snodrop.jpg?resize=800%2C349&amp;ssl=1 800w\" sizes=\"(max-width: 843px) 100vw, 843px\" \/>\t\t\t\t\t\t\t\t\t\t\t\t\t\t\t<\/div>\n\t\t\t\t<\/div>\n\t\t\t\t\t<\/div>\n\t\t<\/div>\n\t\t\t\t\t<\/div>\n\t\t<\/section>\n\t\t\t\t<section class=\"elementor-section elementor-top-section elementor-element elementor-element-f7f5ae5 elementor-section-boxed elementor-section-height-default elementor-section-height-default\" data-id=\"f7f5ae5\" data-element_type=\"section\" data-e-type=\"section\">\n\t\t\t\t\t\t<div class=\"elementor-container elementor-column-gap-default\">\n\t\t\t\t\t<div class=\"elementor-column elementor-col-100 elementor-top-column elementor-element elementor-element-97904ab\" data-id=\"97904ab\" data-element_type=\"column\" data-e-type=\"column\">\n\t\t\t<div class=\"elementor-widget-wrap elementor-element-populated\">\n\t\t\t\t\t\t<div class=\"elementor-element elementor-element-1dd4c84 elementor-widget-divider--view-line elementor-widget elementor-widget-divider\" data-id=\"1dd4c84\" data-element_type=\"widget\" data-e-type=\"widget\" data-widget_type=\"divider.default\">\n\t\t\t\t<div class=\"elementor-widget-container\">\n\t\t\t\t\t\t\t<div class=\"elementor-divider\">\n\t\t\t<span class=\"elementor-divider-separator\">\n\t\t\t\t\t\t<\/span>\n\t\t<\/div>\n\t\t\t\t\t\t<\/div>\n\t\t\t\t<\/div>\n\t\t\t\t\t<\/div>\n\t\t<\/div>\n\t\t\t\t\t<\/div>\n\t\t<\/section>\n\t\t\t\t<section class=\"elementor-section elementor-top-section elementor-element elementor-element-ddcda35 elementor-section-boxed elementor-section-height-default elementor-section-height-default\" data-id=\"ddcda35\" data-element_type=\"section\" data-e-type=\"section\">\n\t\t\t\t\t\t<div class=\"elementor-container elementor-column-gap-default\">\n\t\t\t\t\t<div class=\"elementor-column elementor-col-50 elementor-top-column elementor-element elementor-element-e9c127f\" data-id=\"e9c127f\" data-element_type=\"column\" data-e-type=\"column\" data-settings=\"{&quot;background_background&quot;:&quot;classic&quot;}\">\n\t\t\t<div class=\"elementor-widget-wrap elementor-element-populated\">\n\t\t\t\t\t\t<div class=\"elementor-element elementor-element-8c3a057 elementor-widget elementor-widget-heading\" data-id=\"8c3a057\" data-element_type=\"widget\" data-e-type=\"widget\" data-widget_type=\"heading.default\">\n\t\t\t\t<div class=\"elementor-widget-container\">\n\t\t\t\t\t<h4 class=\"elementor-heading-title elementor-size-default\"><a href=\"https:\/\/bthf.nu\/index.php\/antikvariat\/\">Antikvariatet<\/a><\/h4>\t\t\t\t<\/div>\n\t\t\t\t<\/div>\n\t\t\t\t<div class=\"elementor-element elementor-element-c5a6cf4 elementor-widget elementor-widget-image\" data-id=\"c5a6cf4\" data-element_type=\"widget\" data-e-type=\"widget\" data-widget_type=\"image.default\">\n\t\t\t\t<div class=\"elementor-widget-container\">\n\t\t\t\t\t\t\t\t\t\t\t\t\t\t\t\t<a href=\"https:\/\/bthf.nu\/index.php\/antikvariat\/\">\n\t\t\t\t\t\t\t<img decoding=\"async\" width=\"235\" height=\"300\" src=\"https:\/\/i0.wp.com\/bthf.nu\/wp-content\/uploads\/2021\/04\/Mellin-B.webp?fit=235%2C300&amp;ssl=1\" class=\"attachment-medium size-medium wp-image-751\" alt=\"\" srcset=\"https:\/\/i0.wp.com\/bthf.nu\/wp-content\/uploads\/2021\/04\/Mellin-B.webp?w=860&amp;ssl=1 860w, https:\/\/i0.wp.com\/bthf.nu\/wp-content\/uploads\/2021\/04\/Mellin-B.webp?resize=235%2C300&amp;ssl=1 235w, https:\/\/i0.wp.com\/bthf.nu\/wp-content\/uploads\/2021\/04\/Mellin-B.webp?resize=782%2C1000&amp;ssl=1 782w, https:\/\/i0.wp.com\/bthf.nu\/wp-content\/uploads\/2021\/04\/Mellin-B.webp?resize=768%2C982&amp;ssl=1 768w, https:\/\/i0.wp.com\/bthf.nu\/wp-content\/uploads\/2021\/04\/Mellin-B.webp?resize=800%2C1023&amp;ssl=1 800w\" sizes=\"(max-width: 235px) 100vw, 235px\" \/>\t\t\t\t\t\t\t\t<\/a>\n\t\t\t\t\t\t\t\t\t\t\t\t\t\t\t<\/div>\n\t\t\t\t<\/div>\n\t\t\t\t<div class=\"elementor-element elementor-element-5c31002 elementor-widget elementor-widget-text-editor\" data-id=\"5c31002\" data-element_type=\"widget\" data-e-type=\"widget\" data-widget_type=\"text-editor.default\">\n\t\t\t\t<div class=\"elementor-widget-container\">\n\t\t\t\t\t\t\t\t\t<p style=\"text-align: center;\"><a href=\"https:\/\/bthf.nu\/index.php\/antikvariat\/\"><strong>Antikvariat G H Mellin<\/strong><\/a><br \/>Vi har \u00f6ppet torsdagar och l\u00f6rdagar kl. 10-13<br \/>Det inneb\u00e4r att v\u00e5r expedition \u00e4r \u00f6ppen samtidigt.<br \/>D\u00e5 kan du ocks\u00e5 n\u00e5 oss p\u00e5 telefon 0702-50 46 00<br \/>\u00d6vriga tider hittar du oss \u00e4ven p\u00e5 Facebook<\/p>\t\t\t\t\t\t\t\t<\/div>\n\t\t\t\t<\/div>\n\t\t\t\t\t<\/div>\n\t\t<\/div>\n\t\t\t\t<div class=\"elementor-column elementor-col-50 elementor-top-column elementor-element elementor-element-5cb93f8\" data-id=\"5cb93f8\" data-element_type=\"column\" data-e-type=\"column\" data-settings=\"{&quot;background_background&quot;:&quot;classic&quot;}\">\n\t\t\t<div class=\"elementor-widget-wrap elementor-element-populated\">\n\t\t\t\t\t\t<div class=\"elementor-element elementor-element-2b25b65 elementor-widget elementor-widget-heading\" data-id=\"2b25b65\" data-element_type=\"widget\" data-e-type=\"widget\" data-widget_type=\"heading.default\">\n\t\t\t\t<div class=\"elementor-widget-container\">\n\t\t\t\t\t<h4 class=\"elementor-heading-title elementor-size-default\"><a href=\"https:\/\/bthf.nu\/index.php\/museet\/\">Museet<\/a><\/h4>\t\t\t\t<\/div>\n\t\t\t\t<\/div>\n\t\t\t\t<div class=\"elementor-element elementor-element-e0ed372 elementor-widget elementor-widget-image\" data-id=\"e0ed372\" data-element_type=\"widget\" data-e-type=\"widget\" data-widget_type=\"image.default\">\n\t\t\t\t<div class=\"elementor-widget-container\">\n\t\t\t\t\t\t\t\t\t\t\t\t\t\t\t<img decoding=\"async\" src=\"https:\/\/i0.wp.com\/bthf.nu\/wp-content\/uploads\/2020\/07\/Stallet_2.webp?fit=800%2C600&#038;ssl=1\" title=\"Stallet_2\" alt=\"Stallet_2\" loading=\"lazy\" \/>\t\t\t\t\t\t\t\t\t\t\t\t\t\t\t<\/div>\n\t\t\t\t<\/div>\n\t\t\t\t\t<\/div>\n\t\t<\/div>\n\t\t\t\t\t<\/div>\n\t\t<\/section>\n\t\t\t\t<\/div>\n\t\t","protected":false},"excerpt":{"rendered":"<p>Antikvariatet Antikvariat G H MellinVi har \u00f6ppet torsdagar och l\u00f6rdagar kl. 10-13Det inneb\u00e4r att v\u00e5r expedition \u00e4r \u00f6ppen samtidigt.D\u00e5 kan du ocks\u00e5 n\u00e5 oss p\u00e5&hellip;<\/p>\n","protected":false},"author":1,"featured_media":0,"parent":0,"menu_order":0,"comment_status":"closed","ping_status":"closed","template":"","meta":{"footnotes":""},"class_list":["post-10","page","type-page","status-publish","hentry"],"jetpack_sharing_enabled":true,"_links":{"self":[{"href":"https:\/\/bthf.nu\/index.php\/wp-json\/wp\/v2\/pages\/10","targetHints":{"allow":["GET"]}}],"collection":[{"href":"https:\/\/bthf.nu\/index.php\/wp-json\/wp\/v2\/pages"}],"about":[{"href":"https:\/\/bthf.nu\/index.php\/wp-json\/wp\/v2\/types\/page"}],"author":[{"embeddable":true,"href":"https:\/\/bthf.nu\/index.php\/wp-json\/wp\/v2\/users\/1"}],"replies":[{"embeddable":true,"href":"https:\/\/bthf.nu\/index.php\/wp-json\/wp\/v2\/comments?post=10"}],"version-history":[{"count":394,"href":"https:\/\/bthf.nu\/index.php\/wp-json\/wp\/v2\/pages\/10\/revisions"}],"predecessor-version":[{"id":1956,"href":"https:\/\/bthf.nu\/index.php\/wp-json\/wp\/v2\/pages\/10\/revisions\/1956"}],"wp:attachment":[{"href":"https:\/\/bthf.nu\/index.php\/wp-json\/wp\/v2\/media?parent=10"}],"curies":[{"name":"wp","href":"https:\/\/api.w.org\/{rel}","templated":true}]}}